0 - 3 - -5 - (6 + -3)
-1
Calculate (4 - -4) + -6 - 2.
0
Calculate 1 + -8 + 15 + -14.
-6
(1 - 5) + -2 + 1
-5
-2 + -2 + -6 + 4
-6
Calculate -95 + 99 - (0 + 2 + -2).
4
Calculate 4 - (3 + -3 - (-17 + 20)).
7
Calculate 5 - (1 - (-14 + 2)).
-8
What is 4 + -3 - (-10 - -11)?
0
Evaluate 9 - (24 + (-16 - -6)).
-5
What is the value of 4 - (0 + -2) - 3?
3
(9 + -6 - 2) + -8 - -14
7
What is 4 - (8 - -6 - 8)?
-2
Calculate 7 + -6 + -1 + 0.
0
Evaluate (1 - 3) + 1 - (-3 + -1).
3
Calculate 7 + (3 - -3) + -9.
4
What is the value of -6 - ((6 - 0) + (-34 - -30))?
-8
What is 6 - (5 - (11 - 6 - 5))?
1
Evaluate (0 - -4) + -188 + 191.
7
Evaluate 3 + 1 + (2 - -1 - 7).
0
What is (8 - (-5 + (-4 - -12))) + -2?
3
Calculate (-3 - -6 - (10 + -1)) + 8.
2
Calculate 15 + -17 + 9 + 2.
9
Calculate -1 + (4 + -3 - -2).
2
-4 + 0 + (7 - (0 + -1))
4
Evaluate (11 - 6) + 3 + -10.
-2
Evaluate -4 + 5 + (-1 - -1) + -5.
-4
What is 4 - ((-4 - -14) + 0)?
-6
-6 - (4 - (2 + (-2 - -4)))
-6
(7 - (-3 + 11)) + -3 + 5
1
Evaluate -4 - -2 - -6 - (-19 + 14).
9
What is -1 - (1 + 5 + -6) - 3?
-4
Calculate 3 - ((0 - -7) + -3) - 1.
-2
Calculate -100 - -104 - (7 + -1).
-2
0 + -1 - (4 - (-7 + 16))
4
-34 + 26 + (-3 + 4 - 2)
-9
What is the value of -12 + (-15 - -11) + 12?
-4
Calculate (11 + -5 - 0) + -5.
1
Evaluate -11 + -9 - -12 - -1.
-7
What is 1 - (4 - (7 - 4))?
0
Evaluate 3 + -13 - (-47 + 44).
-7
What is the value of -13 - (-15 + 9) - -7?
0
What is (7 - 7) + -6 + -1?
-7
What is the value of 7 + (6 + 4 - 4 - 7)?
6
Evaluate 3 - (-2 - (5 + -1) - -5).
4
Calculate 34 + -39 + (7 - 1).
1
What is the value of -3 + 1 + -13 + 11?
-4
Calculate (-3 - 2) + (3 - -9) - 0.
7
Evaluate -1 - (2 - (-1 - 0)).
-4
What is the value of -7 - -14 - (14 - 7)?
0
What is the value of 1 - (2 + (-2 - 5) + 5)?
1
Calculate 3 + 2 + -4 + -4.
-3
0 + -2 - (2 + 5 - 7)
-2
What is the value of -2 + 4 - 4 - (2 + -1)?
-3
What is the value of -6 + (-1 - (-4 + 2))?
-5
-4 + 4 + 4 + -1 + 1
4
(-4 - 0) + -12 + 5 + 6
-5
12 - (7 - 0) - -2
7
(6 - 3 - 0) + (1 - 9)
-5
Calculate -1 - (7 + -9 - 4).
5
What is 13 + (-7 - -5 - 8)?
3
What is the value of (-6 - (-5 + 4)) + 6?
1
Calculate -3 + 1 + 7 - (-82 + 85).
2
What is (-2 - (-3 + -1)) + -8?
-6
Evaluate -2 + 0 + (6 - 2).
2
What is 2 - (-1 + 2 + 2)?
-1
What is the value of 1 + (5 + -1 - 3) - 0?
2
Evaluate 3 + -2 + -2 + 3 + -7.
-5
Evaluate -6 - (-5 + (2 - 0)) - -2.
-1
What is 8 - (5 - 7 - (2 + -7))?
5
What is -5 + 2 - (-6 - (-6 - -8))?
5
What is -3 + (13 - (-5 - -7))?
8
What is the value of 2 + 0 - (4 + -3)?
1
What is the value of -2 + -7 + 4 - -10?
5
Evaluate -8 + 14 - 3 - -1.
4
Calculate -2 - (-3 - -2 - 2).
1
What is 4 - (-5 + (-4 - -12))?
1
Evaluate -6 + 1 - (-31 + 25).
1
What is 113 + -109 + -4 + -2?
-2
Calculate -8 + (-6 + -1 - -18).
3
Evaluate 0 - -3 - 4 - (7 + -3).
-5
Calculate -4 - (-1 - ((4 - 5) + 0)).
-4
What is the value of -3 + 0 + 3 + -2 + 0?
-2
3 + -2 + 7 + -9 + 8
7
What is the value of 5 - (-7 - (-8 + 5) - -3)?
6
What is 4 + 10 + -19 + (12 - 0)?
7
What is -1 + -1 + -2 + -4 - -6?
-2
-7 + 5 + (0 - 2 - -3)
-1
What is the value of (-7 - -3) + 31 + -34?
-7
What is (1 - -14) + -30 + 21?
6
What is 7 - (20 + (-4 - 5))?
-4
15 - 10 - (1 + -2)
6
What is the value of 0 - (2 - 0 - (-3 - -8))?
3
5 + -3 + 1 + -7 + 10
6
Evaluate 5 - (-11 + (0 - -5) - -13).
-2
(3 - (-5 + 2)) + 3 - 2
7
Calculate (7 + -27 - -13) + -1.
-8
What is (22 - 28) + (4 - (-1 - -2))?
-3
What is the value of -3 + 6 + -4 + -4?
-5
-6 + 9 - (-3 - (-3 - 1))
2
0 - ((5 + -2 - -2) + -2)
-3
What is the value of -7 + -5 + (11 - 6) + 4?
-3
-4 + -8 + -9 + 15
-6
Calculate -5 - (1 - (0 + 9)).
3
(-4 + 1 - (23 - 21)) + 0
-5
What is -57 + 54 - (3 - -2)?
-8
Evaluate 8 - (-3 + 12) - -10.
9
Evaluate (19 - (12 + -2)) + -18.
-9
-6 + 15 + (-16 - -12)
5
Calculate (-2 - -11) + -12 + -4 + 1.
-6
0 - 1 - (13 - 14)
0
Calculate -5 + (-3 - (-5 + 5 + -4)).
-4
What is the value of 3 + -10 - (-4 + 2 + -2)?
-3
Evaluate 0 + 4 + (2 - (6 - -5)).
-5
Calculate -14 - (-3 + 5 - (0 - -8)).
-8
Evaluate 0 - (-4 - (-11 - -3)).
-4
Calculate -2 + 4 + 5 + (-3 - 9).
-5
Calculate -11 - -10 - (-7 + 0 + -1).
7
What is 0 - (9 - 4) - (-1 + -3)?
-1
What is (1 - (8 + -8)) + (6 - 5)?
2
What is -5 + (12 - (2 - -3))?
2
What is the value of (0 - -7) + (10 - 13)?
4
What is 7 - ((6 - (-6 - 5)) + -2)?
-8
What is -1 - (9 + -1 + 2) - -5?
-6
What is 14 + -6 + (0 - 0)?
8
What is (1 - (1 + -4)) + 13 + -22?
-5
What is (-154 - -149) + (1 - 4)?
-8
What is (1 - (6 - 3) - -2) + -5?
-5
Calculate 2 + -2 - (-2 + 3).
-1
Calculate -1 - (2 - 3) - -4.
4
Calculate 3 - (-5 - (1 + -8)).
1
What is (6 - 10) + (-3 - 1 - -2)?
-6
25 - 19 - (0 + 13)
-7
Calculate (13 - 11) + 3 + -5.
0
Calculate (1 + -3 - -6) + (-4 - -4).
4
What is the value of -1 + 3 + -11 + 6 + -1?
-4
Calculate 10 + (3 + -13 - -5) - 0.
5
Evaluate 1 + 2 + (-141 - -130).
-8
Calculate -3 - (-10 + (13 - 4 - 4)).
2
What is the value of (3 - 6) + (-3 - -4)?
-2
Evaluate (3 - 0 - 5) + 7 + 0.
5
Calculate -2 + 3 + (-1 - 2).
-2
What is -3 + (-2 - -2) + 4?
1
Calculate -10 - (-7 - -1 - (8 + -9)).
-5
Evaluate 1 + 4 + -4 + -7 + 7.
1
What is -19 + 15 + (-2 - -8)?
2
What is the value of (-13 - -10) + 12 - 7?
2
What is -8 - (-22 + (0 - -13))?
1
What is the value of -6 + 8 + 1 - (1 - 3)?
5
(4 - 2 - 3) + -3 + 0
-4
Evaluate (-2 - 1 - (-10 + 3)) + -9.
-5
What is -3 - 6 - 3 - (0 - 6)?
-6
Evaluate (-1 - 0) + (-250 - -242).
-9
Evaluate 21 - (-9 - -5 - -18).
7
Evaluate (-22 - -12) + 9 + -6.
-7
What is 0 + -1 - (-5 + 12)?
-8
Evaluate -2 + -6 - -11 - 3 - -9.
9
Calculate 4 + 2 + -1 + -2.
3
What is -13 + -9 + (0 - -7) - -4?
-11
What is the value of 0 + 8 + 4 + -13?
-1
What is 1 - (-2 - -7 - (3 + -1))?
-2
Evaluate 9 + (0 - -6) + 12 + -19.
8
Evaluate 2 + (-1 - -4) + -6.
-1
Evaluate -3 + 0 + -3 + 0 + 7.
1
What is 2 + 0 + (-41 - -38)?
-1
What is -11 + 11 + -2 + 8?
6
Evaluate (-6 - -7) + -7 - (0 - 1).
-5
What is the value of 0 - ((-7 - -7) + 4)?
-4
7 - (-11 + 7 + 10 - -5)
-4
3 - -2 - 5 - 3
-3
Calculate 3 + -4 + 4 + -4.
-1
What is the value of 5 + (-10 - 2 - -5)?
-2
Evaluate (4 - 0) + (-5 - -4) - -1.
4
Evaluate -8 - -1 - (-4 + 0).
-3
What is the value of 3 + -14 + (-13 - -18)?
-6
Calculate 1 + -1 + -3 + (6 - 2).
1
(10 - 4) + (1 - 4)
3
What is (1 - -1) + -1 + (14 - 13)?
2
What is 9 + -3 - 7 - -7?
6
Evaluate 6 + (1 - (6 - 4)).
5
Evaluate -5 - (-7 + 12 + -11).
1
What is 4 - (89 + -96 + 3 + 0)?
8
Evaluate 0 + -4 + 5 - (6 + -3).
-2
What is the value of 3 + -21 - -10 - -2?
-6
Calculate (5 - (6 + 0)) + 0 + 2.
1
What is (-1 - 1) + 23 + -19?
2
Evaluate 6 - (8 - (1 - 2)).
-3
Evaluate (-6 - (-3 + 2) - -6) + -7.
-6
Evaluate (-3 - -2) + -6 + (0 - 0).
-7
What is (-4 - (-4 - 3)) + 0?
3
(-6 - 1 - -8) + (3 - -1)
5
What is the value of (4 - (5 - -2)) + (8 - 2)?
3
Calculate -2 + 9 - 12 - -5.
0
What is the value of 0 - (2 + (4 - 14))?
8
Evaluate (-4 - (6 - (1 - -7))) + -4.
-6
What is the value of 7 - (3 + -3 + -6 + 6)?
7
What is 1 - (1 - 2 - (-9 + 7))?
0
What is 2 - (4 + 4 + 0)?
-6
3 + -2 - (9 - 11)
3
What is -5 - (-23 - (-13 - 1))?
4
5 - (4 + 5) - (-5 + 1)
0
-1 + 5 - (5 - (-13 + 19))
5
4 + 1 - (-7 + 7)
5
What is 1 - (-2 + 4 + -1 + -3)?
3
4 + (2 - 12) + 1 + 8
3
What is 3 + (4 - 4) - 0?
3
(4 - 1 - -1) + (13 - 16)
1
What is -11 - -3 - (-5 + 5)?
-8
What is the value of (-1 - -1) + 3 + 1?
4
What is the value of -5 + (2 - -2 - -4) + 0?
3
What is the value of 3 + (7 - 2 - 2 - 9)?
-3
What is the value of -21 + 15 + (-15 - -14)?
-7
What is -5 + (11 - 6) + 5 + 1?
6
What is the value of (-175 - -175) + (1 - -2)?
3
What is 3 - (-7 + 4 + 1 - -8)?
-3
(-6 - (-14 - -5)) + -4
-1
(-5 - (-2 - 2)) + -3
-4
Evaluate -2 - (-3 - 8) - 18.
-9
What is the value of -6 - (-10 + 3) - 10?
-9
Calculate 1 - (6 - (2 - -2)) - -3.
2
Calculate -9 - (-5 - (-3 - -1)).
-6
Evaluate -6 + (3 + -1 - -5).
1
What is -8 + 1 + 15 + -13?
-5
What is 8 - 6 - (7 - (2 + 1))?
-2
Evaluate -10 + 7 + 3 + 4.
4
(-10 - -5) + -13 + 12
-6
Evaluate -2 - -4 - (-5 - 0).
7
Calculate -1 + -12 + 12 + 1 + 0.
0
What is the value of (1 - 6) + -18 + 25?
2
Calculate 7 + -2 + -7 - (-1 - 2).
1
Evaluate 4 + 0 + -12 + 4.
-4
What is 0 - 2 - (0 + 12 + -13)?
-1
What is the value of 1 - -11 - (-9 - (-19 + 5))?
7
-12 - 1 - (-32 + 23)
-4
Calculate (-1 - -2 - -2) + (-4 - -4).
3
Evaluate 8 + -1 - (14 + -1).
-6
Evaluate (0 - 1) + -8 + (3 - -2).
-4
Calculate 11 + -2 + -3 + -3 + -10.
-7
What is (1 - -6